{"id":12811,"date":"2024-07-27T12:49:02","date_gmt":"2024-07-27T12:49:02","guid":{"rendered":"https:\/\/hungariancitizenship.eu\/famous-hungarians\/victor-vasarely\/"},"modified":"2024-11-21T10:55:17","modified_gmt":"2024-11-21T10:55:17","slug":"victor-vasarely","status":"publish","type":"famous-hungarians","link":"https:\/\/hungariancitizenship.eu\/hu\/famous-hungarians\/victor-vasarely\/","title":{"rendered":"Victor Vasarely"},"content":{"rendered":"\n<p>V\u00e1s\u00e1rhelyi Gy\u0151z\u0151 n\u00e9ven sz\u00fcletett P\u00e9csett, majd 1930-ban Franciaorsz\u00e1gba k\u00f6lt\u00f6z\u00f6tt, \u00e9s az <strong>\u201eop art\u201d m\u0171v\u00e9szeti ir\u00e1nyzat megalkot\u00f3jak\u00e9nt v\u00e1lt h\u00edress\u00e9. <\/strong>(az optikai ill\u00fazi\u00f3k m\u0171v\u00e9szete, ahol a m\u0171vek a 3D, a mozg\u00e1s, a rejtett k\u00e9pek vagy a vibr\u00e1l\u00f3 mint\u00e1k benyom\u00e1s\u00e1t keltik a n\u00e9z\u0151ben). Festm\u00e9nyei legink\u00e1bb arr\u00f3l ismerhet\u0151k fel, hogy b\u00e1r csupa egyenes vonalat haszn\u00e1l, ezek a g\u00f6rb\u00fclet \u00e9s a m\u00e9lys\u00e9g ill\u00fazi\u00f3j\u00e1t keltik, leggyakrabban nagy kontraszt\u00fa (gyakran fekete-feh\u00e9r) sz\u00ednekkel.<\/p>\n","protected":false},"excerpt":{"rendered":"<p>V\u00e1s\u00e1rhelyi Gy\u0151z\u0151 n\u00e9ven sz\u00fcletett P\u00e9csett, majd 1930-ban Franciaorsz\u00e1gba k\u00f6lt\u00f6z\u00f6tt, \u00e9s az \u201eop art\u201d m\u0171v\u00e9szeti ir\u00e1nyzat megalkot\u00f3jak\u00e9nt v\u00e1lt h\u00edress\u00e9. (az optikai ill\u00fazi\u00f3k m\u0171v\u00e9szete, ahol a m\u0171vek a 3D, a mozg\u00e1s, a rejtett k\u00e9pek vagy a vibr\u00e1l\u00f3 mint\u00e1k benyom\u00e1s\u00e1t keltik a n\u00e9z\u0151ben). Festm\u00e9nyei legink\u00e1bb arr\u00f3l ismerhet\u0151k fel, hogy b\u00e1r csupa egyenes vonalat haszn\u00e1l, ezek a g\u00f6rb\u00fclet \u00e9s [&hellip;]<\/p>\n","protected":false},"featured_media":0,"menu_order":5,"template":"","meta":[],"class_list":["post-12811","famous-hungarians","type-famous-hungarians","status-publish","hentry"],"yoast_head":"<!-- This site is optimized with the Yoast SEO plugin v27.4 - https:\/\/yoast.com\/product\/yoast-seo-wordpress\/ -->\n<title>Victor Vasarely - Hungarian Citizenship<\/title>\n<meta name=\"robots\" content=\"index, follow, max-snippet:-1, max-image-preview:large, max-video-preview:-1\" \/>\n<link rel=\"canonical\" href=\"https:\/\/hungariancitizenship.eu\/hu\/famous-hungarians\/victor-vasarely\/\" \/>\n<meta property=\"og:locale\" content=\"hu_HU\" \/>\n<meta property=\"og:type\" content=\"article\" \/>\n<meta property=\"og:title\" content=\"Victor Vasarely - Hungarian Citizenship\" \/>\n<meta property=\"og:description\" content=\"V\u00e1s\u00e1rhelyi Gy\u0151z\u0151 n\u00e9ven sz\u00fcletett P\u00e9csett, majd 1930-ban Franciaorsz\u00e1gba k\u00f6lt\u00f6z\u00f6tt, \u00e9s az \u201eop art\u201d m\u0171v\u00e9szeti ir\u00e1nyzat megalkot\u00f3jak\u00e9nt v\u00e1lt h\u00edress\u00e9. (az optikai ill\u00fazi\u00f3k m\u0171v\u00e9szete, ahol a m\u0171vek a 3D, a mozg\u00e1s, a rejtett k\u00e9pek vagy a vibr\u00e1l\u00f3 mint\u00e1k benyom\u00e1s\u00e1t keltik a n\u00e9z\u0151ben). Festm\u00e9nyei legink\u00e1bb arr\u00f3l ismerhet\u0151k fel, hogy b\u00e1r csupa egyenes vonalat haszn\u00e1l, ezek a g\u00f6rb\u00fclet \u00e9s [&hellip;]\" \/>\n<meta property=\"og:url\" content=\"https:\/\/hungariancitizenship.eu\/hu\/famous-hungarians\/victor-vasarely\/\" \/>\n<meta property=\"og:site_name\" content=\"Hungarian Citizenship\" \/>\n<meta property=\"article:modified_time\" content=\"2024-11-21T10:55:17+00:00\" \/>\n<meta name=\"twitter:card\" content=\"summary_large_image\" \/>\n<meta name=\"twitter:label1\" content=\"Becs\u00fclt olvas\u00e1si id\u0151\" \/>\n\t<meta name=\"twitter:data1\" content=\"1 perc\" \/>\n<script type=\"application\/ld+json\" class=\"yoast-schema-graph\">{\"@context\":\"https:\\\/\\\/schema.org\",\"@graph\":[{\"@type\":\"WebPage\",\"@id\":\"https:\\\/\\\/hungariancitizenship.eu\\\/hu\\\/famous-hungarians\\\/victor-vasarely\\\/\",\"url\":\"https:\\\/\\\/hungariancitizenship.eu\\\/hu\\\/famous-hungarians\\\/victor-vasarely\\\/\",\"name\":\"Victor Vasarely - Hungarian Citizenship\",\"isPartOf\":{\"@id\":\"https:\\\/\\\/hungariancitizenship.eu\\\/#website\"},\"datePublished\":\"2024-07-27T12:49:02+00:00\",\"dateModified\":\"2024-11-21T10:55:17+00:00\",\"breadcrumb\":{\"@id\":\"https:\\\/\\\/hungariancitizenship.eu\\\/hu\\\/famous-hungarians\\\/victor-vasarely\\\/#breadcrumb\"},\"inLanguage\":\"hu\",\"potentialAction\":[{\"@type\":\"ReadAction\",\"target\":[\"https:\\\/\\\/hungariancitizenship.eu\\\/hu\\\/famous-hungarians\\\/victor-vasarely\\\/\"]}]},{\"@type\":\"BreadcrumbList\",\"@id\":\"https:\\\/\\\/hungariancitizenship.eu\\\/hu\\\/famous-hungarians\\\/victor-vasarely\\\/#breadcrumb\",\"itemListElement\":[{\"@type\":\"ListItem\",\"position\":1,\"name\":\"Home\",\"item\":\"https:\\\/\\\/hungariancitizenship.eu\\\/hu\\\/\"},{\"@type\":\"ListItem\",\"position\":2,\"name\":\"Victor Vasarely\"}]},{\"@type\":\"WebSite\",\"@id\":\"https:\\\/\\\/hungariancitizenship.eu\\\/#website\",\"url\":\"https:\\\/\\\/hungariancitizenship.eu\\\/\",\"name\":\"Hungarian Citizenship\",\"description\":\"\",\"potentialAction\":[{\"@type\":\"SearchAction\",\"target\":{\"@type\":\"EntryPoint\",\"urlTemplate\":\"https:\\\/\\\/hungariancitizenship.eu\\\/?s={search_term_string}\"},\"query-input\":{\"@type\":\"PropertyValueSpecification\",\"valueRequired\":true,\"valueName\":\"search_term_string\"}}],\"inLanguage\":\"hu\"}]}<\/script>\n<!-- \/ Yoast SEO plugin. -->","yoast_head_json":{"title":"Victor Vasarely - Hungarian Citizenship","robots":{"index":"index","follow":"follow","max-snippet":"max-snippet:-1","max-image-preview":"max-image-preview:large","max-video-preview":"max-video-preview:-1"},"canonical":"https:\/\/hungariancitizenship.eu\/hu\/famous-hungarians\/victor-vasarely\/","og_locale":"hu_HU","og_type":"article","og_title":"Victor Vasarely - Hungarian Citizenship","og_description":"V\u00e1s\u00e1rhelyi Gy\u0151z\u0151 n\u00e9ven sz\u00fcletett P\u00e9csett, majd 1930-ban Franciaorsz\u00e1gba k\u00f6lt\u00f6z\u00f6tt, \u00e9s az \u201eop art\u201d m\u0171v\u00e9szeti ir\u00e1nyzat megalkot\u00f3jak\u00e9nt v\u00e1lt h\u00edress\u00e9. (az optikai ill\u00fazi\u00f3k m\u0171v\u00e9szete, ahol a m\u0171vek a 3D, a mozg\u00e1s, a rejtett k\u00e9pek vagy a vibr\u00e1l\u00f3 mint\u00e1k benyom\u00e1s\u00e1t keltik a n\u00e9z\u0151ben). Festm\u00e9nyei legink\u00e1bb arr\u00f3l ismerhet\u0151k fel, hogy b\u00e1r csupa egyenes vonalat haszn\u00e1l, ezek a g\u00f6rb\u00fclet \u00e9s [&hellip;]","og_url":"https:\/\/hungariancitizenship.eu\/hu\/famous-hungarians\/victor-vasarely\/","og_site_name":"Hungarian Citizenship","article_modified_time":"2024-11-21T10:55:17+00:00","twitter_card":"summary_large_image","twitter_misc":{"Becs\u00fclt olvas\u00e1si id\u0151":"1 perc"},"schema":{"@context":"https:\/\/schema.org","@graph":[{"@type":"WebPage","@id":"https:\/\/hungariancitizenship.eu\/hu\/famous-hungarians\/victor-vasarely\/","url":"https:\/\/hungariancitizenship.eu\/hu\/famous-hungarians\/victor-vasarely\/","name":"Victor Vasarely - Hungarian Citizenship","isPartOf":{"@id":"https:\/\/hungariancitizenship.eu\/#website"},"datePublished":"2024-07-27T12:49:02+00:00","dateModified":"2024-11-21T10:55:17+00:00","breadcrumb":{"@id":"https:\/\/hungariancitizenship.eu\/hu\/famous-hungarians\/victor-vasarely\/#breadcrumb"},"inLanguage":"hu","potentialAction":[{"@type":"ReadAction","target":["https:\/\/hungariancitizenship.eu\/hu\/famous-hungarians\/victor-vasarely\/"]}]},{"@type":"BreadcrumbList","@id":"https:\/\/hungariancitizenship.eu\/hu\/famous-hungarians\/victor-vasarely\/#breadcrumb","itemListElement":[{"@type":"ListItem","position":1,"name":"Home","item":"https:\/\/hungariancitizenship.eu\/hu\/"},{"@type":"ListItem","position":2,"name":"Victor Vasarely"}]},{"@type":"WebSite","@id":"https:\/\/hungariancitizenship.eu\/#website","url":"https:\/\/hungariancitizenship.eu\/","name":"Hungarian Citizenship","description":"","potentialAction":[{"@type":"SearchAction","target":{"@type":"EntryPoint","urlTemplate":"https:\/\/hungariancitizenship.eu\/?s={search_term_string}"},"query-input":{"@type":"PropertyValueSpecification","valueRequired":true,"valueName":"search_term_string"}}],"inLanguage":"hu"}]}},"_links":{"self":[{"href":"https:\/\/hungariancitizenship.eu\/hu\/wp-json\/wp\/v2\/famous-hungarians\/12811","targetHints":{"allow":["GET"]}}],"collection":[{"href":"https:\/\/hungariancitizenship.eu\/hu\/wp-json\/wp\/v2\/famous-hungarians"}],"about":[{"href":"https:\/\/hungariancitizenship.eu\/hu\/wp-json\/wp\/v2\/types\/famous-hungarians"}],"wp:attachment":[{"href":"https:\/\/hungariancitizenship.eu\/hu\/wp-json\/wp\/v2\/media?parent=12811"}],"curies":[{"name":"wp","href":"https:\/\/api.w.org\/{rel}","templated":true}]}}

<p>Vásárhelyi Győző néven született Pécsett, majd 1930-ban Franciaországba költözött, és az <strong>„op art” művészeti irányzat megalkotójaként vált híressé. </strong>(az optikai illúziók művészete, ahol a művek a 3D, a mozgás, a rejtett képek vagy a vibráló minták benyomását keltik a nézőben). Festményei leginkább arról ismerhetők fel, hogy bár csupa egyenes vonalat használ, ezek a görbület és a mélység illúzióját keltik, leggyakrabban nagy kontrasztú (gyakran fekete-fehér) színekkel.</p>

<p>Vásárhelyi Győző néven született Pécsett, majd 1930-ban Franciaországba költözött, és az „op art” művészeti irányzat megalkotójaként vált híressé. (az optikai illúziók művészete, ahol a művek a 3D, a mozgás, a rejtett képek vagy a vibráló minták benyomását keltik a nézőben). Festményei leginkább arról ismerhetők fel, hogy bár csupa egyenes vonalat használ, ezek a görbület és [&hellip;]</p>

<!-- This site is optimized with the Yoast SEO plugin v27.4 - https://yoast.com/product/yoast-seo-wordpress/ -->
<title>Victor Vasarely - Hungarian Citizenship</title>
<meta name="robots" content="index, follow, max-snippet:-1, max-image-preview:large, max-video-preview:-1" />
<link rel="canonical" href="https://hungariancitizenship.eu/hu/famous-hungarians/victor-vasarely/" />
<meta property="og:locale" content="hu_HU" />
<meta property="og:type" content="article" />
<meta property="og:title" content="Victor Vasarely - Hungarian Citizenship" />
<meta property="og:description" content="Vásárhelyi Győző néven született Pécsett, majd 1930-ban Franciaországba költözött, és az „op art” művészeti irányzat megalkotójaként vált híressé. (az optikai illúziók művészete, ahol a művek a 3D, a mozgás, a rejtett képek vagy a vibráló minták benyomását keltik a nézőben). Festményei leginkább arról ismerhetők fel, hogy bár csupa egyenes vonalat használ, ezek a görbület és [&hellip;]" />
<meta property="og:url" content="https://hungariancitizenship.eu/hu/famous-hungarians/victor-vasarely/" />
<meta property="og:site_name" content="Hungarian Citizenship" />
<meta property="article:modified_time" content="2024-11-21T10:55:17+00:00" />
<meta name="twitter:card" content="summary_large_image" />
<meta name="twitter:label1" content="Becsült olvasási idő" />
	<meta name="twitter:data1" content="1 perc" />
<script type="application/ld+json" class="yoast-schema-graph">{"@context":"https:\/\/schema.org","@graph":[{"@type":"WebPage","@id":"https:\/\/hungariancitizenship.eu\/hu\/famous-hungarians\/victor-vasarely\/","url":"https:\/\/hungariancitizenship.eu\/hu\/famous-hungarians\/victor-vasarely\/","name":"Victor Vasarely - Hungarian Citizenship","isPartOf":{"@id":"https:\/\/hungariancitizenship.eu\/#website"},"datePublished":"2024-07-27T12:49:02+00:00","dateModified":"2024-11-21T10:55:17+00:00","breadcrumb":{"@id":"https:\/\/hungariancitizenship.eu\/hu\/famous-hungarians\/victor-vasarely\/#breadcrumb"},"inLanguage":"hu","potentialAction":[{"@type":"ReadAction","target":["https:\/\/hungariancitizenship.eu\/hu\/famous-hungarians\/victor-vasarely\/"]}]},{"@type":"BreadcrumbList","@id":"https:\/\/hungariancitizenship.eu\/hu\/famous-hungarians\/victor-vasarely\/#breadcrumb","itemListElement":[{"@type":"ListItem","position":1,"name":"Home","item":"https:\/\/hungariancitizenship.eu\/hu\/"},{"@type":"ListItem","position":2,"name":"Victor Vasarely"}]},{"@type":"WebSite","@id":"https:\/\/hungariancitizenship.eu\/#website","url":"https:\/\/hungariancitizenship.eu\/","name":"Hungarian Citizenship","description":"","potentialAction":[{"@type":"SearchAction","target":{"@type":"EntryPoint","urlTemplate":"https:\/\/hungariancitizenship.eu\/?s={search_term_string}"},"query-input":{"@type":"PropertyValueSpecification","valueRequired":true,"valueName":"search_term_string"}}],"inLanguage":"hu"}]}</script>
<!-- / Yoast SEO plugin. -->

Vásárhelyi Győző néven született Pécsett, majd 1930-ban Franciaországba költözött, és az „op art” művészeti irányzat megalkotójaként vált híressé. (az optikai illúziók művészete, ahol a művek a 3D, a mozgás, a rejtett képek vagy a vibráló minták benyomását keltik a nézőben). Festményei leginkább arról ismerhetők fel, hogy bár csupa egyenes vonalat használ, ezek a görbület és [&hellip;]
